{"id":17625,"date":"2020-06-15T19:33:22","date_gmt":"2020-06-15T19:33:22","guid":{"rendered":"http:\/\/beautyinthepink.com\/?page_id=17625"},"modified":"2023-09-23T01:54:49","modified_gmt":"2023-09-23T01:54:49","slug":"cookie-policy","status":"publish","type":"page","link":"https:\/\/beautyinthepink.com\/index.php\/cookie-policy\/","title":{"rendered":"Pol\u00edtica de Cookies"},"content":{"rendered":"<div class=\"cli_pg_page_contaner\">\n<h3>Acerca de esta pol\u00edtica de cookies<\/h3>\n<div>Esta pol\u00edtica de cookies explica qu\u00e9 son los cookies y c\u00f3mo se usa. Debes leer esta pol\u00edtica y entender qu\u00e9 son los cookies, c\u00f3mo los usamos, el tipo de cookies que usamos, la informaci\u00f3n que recopilamos usando cookies y c\u00f3mo esa informaci\u00f3n es utilizada y c\u00f3mo controlas sus preferencias de cookies. Para m\u00e1s informaci\u00f3n acerca de c\u00f3mo usamos, almacenamos y guardamos de forma segura su informaci\u00f3n, visite nuestra<a href=\"https:\/\/beautyinthepink.com\/index.php\/privacy-policy\/\"> Pol\u00edtica de Privacidad.<\/a><\/div>\n<div>En cualquier momento puedes cambiar o retirar su consentimiento de la declaraci\u00f3n de cookies de nuestro websites. Aprende m\u00e1s acerca de qui\u00e9nes somos, c\u00f3mo contactarnos y c\u00f3mo procesamos su informaci\u00f3n personal en nuestra <a href=\"https:\/\/beautyinthepink.com\/index.php\/privacy-policy\/\">Pol\u00edtica de privacidad<\/a>. Su consentimiento aplica para el siguiente dominio: beautyinthepink.com<\/div>\n<h3>\u00bfQu\u00e9 son los cookies?<\/h3>\n<div>\n<p id=\"tw-target-text\" class=\"tw-data-text tw-text-large XcVN5d tw-ta\" data-placeholder=\"Traducci\u00f3n\"><span lang=\"es\">Los cookies son peque\u00f1os archivos de texto que se utilizan para almacenar peque\u00f1as piezas de informaci\u00f3n. Los cookies se almacenan en su dispositivo cuando el sitio web se carga en su navegador. Estos cookies nos ayudan a hacer que el sitio web funcione correctamente, hacer que el sitio web sea m\u00e1s seguro, proporcionar una mejor experiencia de usuario y comprender c\u00f3mo funciona el sitio web y analizar qu\u00e9 funciona y d\u00f3nde necesita mejorar.<\/span><\/p>\n<\/div>\n<h3>\u00bfC\u00f3mo usamos los cookies?<\/h3>\n<div>\n<p id=\"tw-target-text\" class=\"tw-data-text tw-text-large XcVN5d tw-ta\" data-placeholder=\"Traducci\u00f3n\"><span lang=\"es\">Como la mayor\u00eda de los servicios en l\u00ednea, nuestro sitio web utiliza cookies propios y de terceros para una serie de prop\u00f3sitos. Las cookies de nuestra propiedad son principalmente necesarias para que el sitio web funcione de la manera correcta, y no recopilan ninguno de sus datos de identificaci\u00f3n personal.<\/span><\/p>\n<p id=\"tw-target-text\" class=\"tw-data-text tw-text-large XcVN5d tw-ta\" data-placeholder=\"Traducci\u00f3n\"><span lang=\"es\">Las cookies de terceros utilizadas en nuestros sitios web se utilizan principalmente para comprender c\u00f3mo funciona el sitio web, c\u00f3mo interact\u00faa con nuestro sitio web, mantener nuestros servicios seguros, proporcionarle anuncios que sean relevantes para usted y, en general, proporcionarle una mejorada experiencia de usuario y ayuda a acelerar sus futuras interacciones con nuestro sitio web.<\/span><\/p>\n<\/div>\n<h3>\u00bfQu\u00e9 tipo de cookies utilizamos?<\/h3>\n<div>\n<p id=\"tw-target-text\" class=\"tw-data-text tw-text-large XcVN5d tw-ta\" data-placeholder=\"Traducci\u00f3n\"><span lang=\"es\"><strong>Esenciales:<\/strong> Algunos cookies son esenciales para que pueda experimentar la completa funcionalidad de nuestro sitio. Nos permiten mantener sesiones de usuario y evitar amenazas de seguridad. No recopilan ni almacenan ninguna informaci\u00f3n personal. Por ejemplo, estas cookies le permiten iniciar sesi\u00f3n en su cuenta y agregar productos a su cesta y pagar de forma segura.<\/span><\/p>\n<p id=\"tw-target-text\" class=\"tw-data-text tw-text-large XcVN5d tw-ta\" data-placeholder=\"Traducci\u00f3n\"><span lang=\"es\"><strong>Estad\u00edsticas:<\/strong> Estos cookies almacenan informaci\u00f3n como el n\u00famero de visitantes del sitio web, el n\u00famero de visitantes \u00fanicos, qu\u00e9 p\u00e1ginas del sitio web han sido visitadas, la fuente de la visita, etc. Estos datos nos ayudan a comprender y analizar qu\u00e9 tan bien funciona el sitio web y d\u00f3nde necesita mejorar.<\/span><\/p>\n<p id=\"tw-target-text\" class=\"tw-data-text tw-text-large XcVN5d tw-ta\" data-placeholder=\"Traducci\u00f3n\"><span lang=\"es\"><strong>Marketing:<\/strong> Nuestro sitio web muestra anuncios. Estos cookies se utilizan para personalizar los anuncios que le mostramos para que sean significativos para usted. Estos cookies tambi\u00e9n nos ayudan a realizar un seguimiento de la eficacia de estas campa\u00f1as publicitarias.<\/span><\/p>\n<p id=\"tw-target-text\" class=\"tw-data-text tw-text-large XcVN5d tw-ta\" data-placeholder=\"Traducci\u00f3n\"><span lang=\"es\">La informaci\u00f3n almacenada en estos cookies tambi\u00e9n puede ser utilizada por proveedores de publicidad externos para mostrarle anuncios en otros sitios web en el navegador.<\/span><\/p>\n<p id=\"tw-target-text\" class=\"tw-data-text tw-text-large XcVN5d tw-ta\" data-placeholder=\"Traducci\u00f3n\"><span lang=\"es\"><strong>Funcional:<\/strong> Estos son los cookies que ayudan a ciertas funcionalidades no esenciales en nuestro sitio web. Estas funcionalidades incluyen incrustar contenido como videos o compartir contenido en el sitio web en plataformas de redes sociales.<\/span><\/p>\n<p id=\"tw-target-text\" class=\"tw-data-text tw-text-large XcVN5d tw-ta\" data-placeholder=\"Traducci\u00f3n\"><span lang=\"es\"><strong>Preferencias:<\/strong> Estos cookies nos ayudan a almacenar su configuraci\u00f3n y preferencias de navegaci\u00f3n, como las preferencias de idioma, para que tenga una mejor y m\u00e1s eficiente experiencia en futuras visitas al sitio web.<\/span><\/p>\n<\/div>\n<h3>\u00bfC\u00f3mo controlo las preferencias de cookies?<\/h3>\n<div>\n<p id=\"tw-target-text\" class=\"tw-data-text tw-text-large XcVN5d tw-ta\" data-placeholder=\"Traducci\u00f3n\"><span lang=\"es\">Si decide cambiar sus preferencias m\u00e1s adelante a trav\u00e9s de su sesi\u00f3n de navegaci\u00f3n, puede hacer clic en la pesta\u00f1a &#8220;Pol\u00edtica de privacidad y cookies&#8221; en su pantalla. Esto mostrar\u00e1 el aviso de consentimiento nuevamente, permiti\u00e9ndole cambiar sus preferencias o retirar su consentimiento por completo.<\/span><\/p>\n<p id=\"tw-target-text\" class=\"tw-data-text tw-text-large XcVN5d tw-ta\" data-placeholder=\"Traducci\u00f3n\"><span lang=\"es\">Adem\u00e1s de esto, diferentes navegadores proporcionan diferentes m\u00e9todos para bloquear y eliminar los cookies utilizados por los sitios web. Puede cambiar la configuraci\u00f3n de su navegador para bloquear \/ eliminar los cookies. Para obtener m\u00e1s informaci\u00f3n sobre c\u00f3mo administrar y eliminar cookies, visite wikipedia.org o www.allaboutcookies.org.<\/span><\/p>\n<\/div>\n<\/div>\n","protected":false},"excerpt":{"rendered":"<p>Acerca de esta pol\u00edtica de cookies Esta pol\u00edtica de cookies explica qu\u00e9 son los cookies y c\u00f3mo se usa. Debes leer esta pol\u00edtica y entender qu\u00e9 son los cookies, c\u00f3mo los usamos, el tipo de cookies que usamos, la informaci\u00f3n que recopilamos usando cookies y c\u00f3mo esa informaci\u00f3n es utilizada y c\u00f3mo controlas sus preferencias [&hellip;]<\/p>\n","protected":false},"author":1,"featured_media":0,"parent":0,"menu_order":0,"comment_status":"closed","ping_status":"closed","template":"","meta":{"tdm_status":"","tdm_grid_status":"","footnotes":""},"class_list":["post-17625","page","type-page","status-publish"],"yoast_head":"<!-- This site is optimized with the Yoast SEO plugin v27.6 - https:\/\/yoast.com\/product\/yoast-seo-wordpress\/ -->\n<title>Pol\u00edtica de Cookies - Beauty in the pink | Privacidad<\/title>\n<meta name=\"description\" content=\"Pol\u00edtica de cookies. C\u00f3mo y qu\u00e9 tipo de cookies utilizamos y qu\u00e9 tipo de informaci\u00f3n almacenamos para que tenga una mejor experiencia en nuestro sitio.\" \/>\n<meta name=\"robots\" content=\"index, follow, max-snippet:-1, max-image-preview:large, max-video-preview:-1\" \/>\n<link rel=\"canonical\" href=\"https:\/\/beautyinthepink.com\/index.php\/cookie-policy\/\" \/>\n<meta property=\"og:locale\" content=\"en_US\" \/>\n<meta property=\"og:type\" content=\"article\" \/>\n<meta property=\"og:title\" content=\"Pol\u00edtica de Cookies - Beauty in the pink | Privacidad\" \/>\n<meta property=\"og:description\" content=\"Pol\u00edtica de cookies. C\u00f3mo y qu\u00e9 tipo de cookies utilizamos y qu\u00e9 tipo de informaci\u00f3n almacenamos para que tenga una mejor experiencia en nuestro sitio.\" \/>\n<meta property=\"og:url\" content=\"https:\/\/beautyinthepink.com\/index.php\/cookie-policy\/\" \/>\n<meta property=\"og:site_name\" content=\"Beauty in the pink\" \/>\n<meta property=\"article:modified_time\" content=\"2023-09-23T01:54:49+00:00\" \/>\n<meta property=\"og:image\" content=\"https:\/\/beautyinthepink.com\/wp-content\/uploads\/2020\/05\/icosn-pink.png\" \/>\n\t<meta property=\"og:image:width\" content=\"451\" \/>\n\t<meta property=\"og:image:height\" content=\"431\" \/>\n\t<meta property=\"og:image:type\" content=\"image\/png\" \/>\n<meta name=\"twitter:card\" content=\"summary_large_image\" \/>\n<meta name=\"twitter:label1\" content=\"Est. reading time\" \/>\n\t<meta name=\"twitter:data1\" content=\"3 minutes\" \/>\n<script type=\"application\/ld+json\" class=\"yoast-schema-graph\">{\"@context\":\"https:\\\/\\\/schema.org\",\"@graph\":[{\"@type\":\"WebPage\",\"@id\":\"https:\\\/\\\/beautyinthepink.com\\\/index.php\\\/cookie-policy\\\/\",\"url\":\"https:\\\/\\\/beautyinthepink.com\\\/index.php\\\/cookie-policy\\\/\",\"name\":\"Pol\u00edtica de Cookies - Beauty in the pink | Privacidad\",\"isPartOf\":{\"@id\":\"https:\\\/\\\/beautyinthepink.com\\\/#website\"},\"datePublished\":\"2020-06-15T19:33:22+00:00\",\"dateModified\":\"2023-09-23T01:54:49+00:00\",\"description\":\"Pol\u00edtica de cookies. C\u00f3mo y qu\u00e9 tipo de cookies utilizamos y qu\u00e9 tipo de informaci\u00f3n almacenamos para que tenga una mejor experiencia en nuestro sitio.\",\"breadcrumb\":{\"@id\":\"https:\\\/\\\/beautyinthepink.com\\\/index.php\\\/cookie-policy\\\/#breadcrumb\"},\"inLanguage\":\"en-US\",\"potentialAction\":[{\"@type\":\"ReadAction\",\"target\":[\"https:\\\/\\\/beautyinthepink.com\\\/index.php\\\/cookie-policy\\\/\"]}]},{\"@type\":\"BreadcrumbList\",\"@id\":\"https:\\\/\\\/beautyinthepink.com\\\/index.php\\\/cookie-policy\\\/#breadcrumb\",\"itemListElement\":[{\"@type\":\"ListItem\",\"position\":1,\"name\":\"Home\",\"item\":\"https:\\\/\\\/beautyinthepink.com\\\/\"},{\"@type\":\"ListItem\",\"position\":2,\"name\":\"Pol\u00edtica de Cookies\"}]},{\"@type\":\"WebSite\",\"@id\":\"https:\\\/\\\/beautyinthepink.com\\\/#website\",\"url\":\"https:\\\/\\\/beautyinthepink.com\\\/\",\"name\":\"Beauty in the pink\",\"description\":\"Tips de belleza y salud. Rese\u00f1as de productos.\",\"publisher\":{\"@id\":\"https:\\\/\\\/beautyinthepink.com\\\/#\\\/schema\\\/person\\\/74bd8b81d8129c917720431ce029fdc1\"},\"potentialAction\":[{\"@type\":\"SearchAction\",\"target\":{\"@type\":\"EntryPoint\",\"urlTemplate\":\"https:\\\/\\\/beautyinthepink.com\\\/?s={search_term_string}\"},\"query-input\":{\"@type\":\"PropertyValueSpecification\",\"valueRequired\":true,\"valueName\":\"search_term_string\"}}],\"inLanguage\":\"en-US\"},{\"@type\":[\"Person\",\"Organization\"],\"@id\":\"https:\\\/\\\/beautyinthepink.com\\\/#\\\/schema\\\/person\\\/74bd8b81d8129c917720431ce029fdc1\",\"name\":\"Beautyinthepink\",\"image\":{\"@type\":\"ImageObject\",\"inLanguage\":\"en-US\",\"@id\":\"https:\\\/\\\/beautyinthepink.com\\\/wp-content\\\/uploads\\\/2020\\\/05\\\/icosn-pink.png\",\"url\":\"https:\\\/\\\/beautyinthepink.com\\\/wp-content\\\/uploads\\\/2020\\\/05\\\/icosn-pink.png\",\"contentUrl\":\"https:\\\/\\\/beautyinthepink.com\\\/wp-content\\\/uploads\\\/2020\\\/05\\\/icosn-pink.png\",\"width\":451,\"height\":431,\"caption\":\"Beautyinthepink\"},\"logo\":{\"@id\":\"https:\\\/\\\/beautyinthepink.com\\\/wp-content\\\/uploads\\\/2020\\\/05\\\/icosn-pink.png\"},\"sameAs\":[\"http:\\\/\\\/beautyinthepink.com\"]}]}<\/script>\n<!-- \/ Yoast SEO plugin. -->","yoast_head_json":{"title":"Pol\u00edtica de Cookies - Beauty in the pink | Privacidad","description":"Pol\u00edtica de cookies. C\u00f3mo y qu\u00e9 tipo de cookies utilizamos y qu\u00e9 tipo de informaci\u00f3n almacenamos para que tenga una mejor experiencia en nuestro sitio.","robots":{"index":"index","follow":"follow","max-snippet":"max-snippet:-1","max-image-preview":"max-image-preview:large","max-video-preview":"max-video-preview:-1"},"canonical":"https:\/\/beautyinthepink.com\/index.php\/cookie-policy\/","og_locale":"en_US","og_type":"article","og_title":"Pol\u00edtica de Cookies - Beauty in the pink | Privacidad","og_description":"Pol\u00edtica de cookies. C\u00f3mo y qu\u00e9 tipo de cookies utilizamos y qu\u00e9 tipo de informaci\u00f3n almacenamos para que tenga una mejor experiencia en nuestro sitio.","og_url":"https:\/\/beautyinthepink.com\/index.php\/cookie-policy\/","og_site_name":"Beauty in the pink","article_modified_time":"2023-09-23T01:54:49+00:00","og_image":[{"width":451,"height":431,"url":"https:\/\/beautyinthepink.com\/wp-content\/uploads\/2020\/05\/icosn-pink.png","type":"image\/png"}],"twitter_card":"summary_large_image","twitter_misc":{"Est. reading time":"3 minutes"},"schema":{"@context":"https:\/\/schema.org","@graph":[{"@type":"WebPage","@id":"https:\/\/beautyinthepink.com\/index.php\/cookie-policy\/","url":"https:\/\/beautyinthepink.com\/index.php\/cookie-policy\/","name":"Pol\u00edtica de Cookies - Beauty in the pink | Privacidad","isPartOf":{"@id":"https:\/\/beautyinthepink.com\/#website"},"datePublished":"2020-06-15T19:33:22+00:00","dateModified":"2023-09-23T01:54:49+00:00","description":"Pol\u00edtica de cookies. C\u00f3mo y qu\u00e9 tipo de cookies utilizamos y qu\u00e9 tipo de informaci\u00f3n almacenamos para que tenga una mejor experiencia en nuestro sitio.","breadcrumb":{"@id":"https:\/\/beautyinthepink.com\/index.php\/cookie-policy\/#breadcrumb"},"inLanguage":"en-US","potentialAction":[{"@type":"ReadAction","target":["https:\/\/beautyinthepink.com\/index.php\/cookie-policy\/"]}]},{"@type":"BreadcrumbList","@id":"https:\/\/beautyinthepink.com\/index.php\/cookie-policy\/#breadcrumb","itemListElement":[{"@type":"ListItem","position":1,"name":"Home","item":"https:\/\/beautyinthepink.com\/"},{"@type":"ListItem","position":2,"name":"Pol\u00edtica de Cookies"}]},{"@type":"WebSite","@id":"https:\/\/beautyinthepink.com\/#website","url":"https:\/\/beautyinthepink.com\/","name":"Beauty in the pink","description":"Tips de belleza y salud. Rese\u00f1as de productos.","publisher":{"@id":"https:\/\/beautyinthepink.com\/#\/schema\/person\/74bd8b81d8129c917720431ce029fdc1"},"potentialAction":[{"@type":"SearchAction","target":{"@type":"EntryPoint","urlTemplate":"https:\/\/beautyinthepink.com\/?s={search_term_string}"},"query-input":{"@type":"PropertyValueSpecification","valueRequired":true,"valueName":"search_term_string"}}],"inLanguage":"en-US"},{"@type":["Person","Organization"],"@id":"https:\/\/beautyinthepink.com\/#\/schema\/person\/74bd8b81d8129c917720431ce029fdc1","name":"Beautyinthepink","image":{"@type":"ImageObject","inLanguage":"en-US","@id":"https:\/\/beautyinthepink.com\/wp-content\/uploads\/2020\/05\/icosn-pink.png","url":"https:\/\/beautyinthepink.com\/wp-content\/uploads\/2020\/05\/icosn-pink.png","contentUrl":"https:\/\/beautyinthepink.com\/wp-content\/uploads\/2020\/05\/icosn-pink.png","width":451,"height":431,"caption":"Beautyinthepink"},"logo":{"@id":"https:\/\/beautyinthepink.com\/wp-content\/uploads\/2020\/05\/icosn-pink.png"},"sameAs":["http:\/\/beautyinthepink.com"]}]}},"amp_enabled":true,"_links":{"self":[{"href":"https:\/\/beautyinthepink.com\/index.php\/wp-json\/wp\/v2\/pages\/17625","targetHints":{"allow":["GET"]}}],"collection":[{"href":"https:\/\/beautyinthepink.com\/index.php\/wp-json\/wp\/v2\/pages"}],"about":[{"href":"https:\/\/beautyinthepink.com\/index.php\/wp-json\/wp\/v2\/types\/page"}],"author":[{"embeddable":true,"href":"https:\/\/beautyinthepink.com\/index.php\/wp-json\/wp\/v2\/users\/1"}],"replies":[{"embeddable":true,"href":"https:\/\/beautyinthepink.com\/index.php\/wp-json\/wp\/v2\/comments?post=17625"}],"version-history":[{"count":5,"href":"https:\/\/beautyinthepink.com\/index.php\/wp-json\/wp\/v2\/pages\/17625\/revisions"}],"predecessor-version":[{"id":19177,"href":"https:\/\/beautyinthepink.com\/index.php\/wp-json\/wp\/v2\/pages\/17625\/revisions\/19177"}],"wp:attachment":[{"href":"https:\/\/beautyinthepink.com\/index.php\/wp-json\/wp\/v2\/media?parent=17625"}],"curies":[{"name":"wp","href":"https:\/\/api.w.org\/{rel}","templated":true}]}}